uate -4 - 32 - (-56 + 6).
14
(14 - (2 + (3 - 8))) + 249 + -322
-56
What is 39 + 40 + -5 - 45?
29
What is the value of 4 - (16 - ((20 - 5) + 3))?
6
What is 20 - (-71 - -182 - 72)?
-19
What is the value of (-13 + -39 - -162) + -76?
34
-5047 - -4969 - (63 + 5)
-146
Calculate 22 + (1 - 2) + (355 - 364).
12
What is the value of -45 + -2 + (133 - 78 - 37)?
-29
Calculate 2626 + -2669 - (-2 - (-23 - -1)).
-63
Evaluate -2 + -9 - (-24 - (92 + -78)).
27
What is (-51 - -47 - -9 - (-1 - 0)) + 5?
11
What is -4 - (7 - (34 + -34) - (-3 - -4 - -1))?
-9
Evaluate 5 - (7 - -5) - (-150 + 196).
-53
Evaluate -1 + -51 + (-25 - -10 - 19) + 43.
-43
57 + (-4 - -23 - 25) + -9
42
Calculate 5 - (-1 + -12 + 32 + -31) - 0.
17
Calculate -131 + -21 + (2 - 2 - -4) + 2 + 2.
-144
-14 - (-35 - (-21 + 41 + -1))
40
What is -47 - ((27 - 4 - 6) + -21 + -10)?
-33
What is the value of -93 + 51 + 60 + -36?
-18
Calculate (-96 - -3) + 1 - (-12 - (4 + -12)).
-88
Calculate 22 - (131 - ((0 - 22) + (-588 - -622))).
-97
Evaluate (15 + -5 - 54) + 3 + (-8 + 17 - 13).
-45
Evaluate 40 + -38 - (0 + -18 + -2).
22
Evaluate -5 - (-2 - 7) - (-5 + (22 - (-3 - -14))).
-2
0 + 5 + 57 + -56 + (8 - 4)
10
What is (12 - -25) + (-4 - (16 - -3))?
14
What is -25 + (23 - 73 - -37)?
-38
What is 9 + 101 + (-1137 - -975)?
-52
Evaluate (-16 - -1 - 23) + 28 + -49.
-59
-111 + -99 + 88 + 68
-54
What is the value of 56 - ((-16 - -4) + (32 + -10 - 5))?
51
What is (-75 - -8) + (-743 - -892)?
82
What is -8 - 5 - (-48 - -52 - (-10 + -1) - -5)?
-33
(221 - 185 - -8) + 14 + 2
60
0 + -5 + 39 + -9 + -43
-18
What is the value of 10 - (-65 + 43) - 35 - (13 + (0 - -1))?
-17
Calculate (-34 + 8 - -31) + (-80 - (2 + -4)).
-73
Evaluate (-10 - (2 - (-22 + 39))) + -7 + 1 - -27.
26
Calculate -1 + 15 - (4 + 0 + (-8 - 5)).
23
Evaluate -58 + -10 + 92 + -42.
-18
What is the value of -74 - -7 - (65 - 159)?
27
What is the value of 22 + 14 + -14 + 13?
35
Evaluate -23 - (-67 - (1 - -4) - 9).
58
What is 220 + -225 - (6 + (15 - 2))?
-24
What is the value of -13 + (-10 - -8) + -474 + 460?
-29
Evaluate (-1 - 5) + (1 - -10) - (-1 + 20 - 66).
52
Evaluate -20 + (-46 - (-65 + -27)).
26
Calculate -12 + 1 + 18 + (2 - 6).
3
What is the value of -133 + 24 + 33 + 208?
132
Evaluate -49 - -59 - (63 + -2 + 7).
-58
Evaluate (-35 - (-15 + -16)) + 7 - -60.
63
Evaluate (2 - -26) + -11 + (4 - (-39 - -17)).
43
Calculate (57 - (-67 - -164)) + -54.
-94
What is the value of 13 + -48 + 40 - -13?
18
(795 - 815) + 66 + -5 + 4
45
Calculate -6 - 73 - (-1499 + 1376).
44
-15 + 1 - (39 + (-12 - 29)) - -14
2
Evaluate 37 + 16 + 4 + (1 - -3 - 15).
46
Evaluate (5 + 0 - (1957 + -1995)) + -66.
-23
Evaluate (9 - 12 - -21) + -3 + -11.
4
-38 + (27 - (23 + -26)) + (-45 - -2) + -2
-53
What is the value of 1 + -29 + -1 - (-39 + 7 + (27 - 2))?
-22
What is the value of -55 + -14 + (30 - (-9 - -12))?
-42
Evaluate 1 - ((-1 - 9) + (-15 - -20) + (6 - 15)).
15
What is 16 + 29 - ((-1 - -1) + 27)?
18
What is -22 - ((24 - (36 + 12)) + -27) - (-12 + 1)?
40
(-2 - (-13 + 9) - 20) + 10
-8
Calculate (3 - 7 - -11 - -21 - 2) + (-17 - -16).
25
Calculate 1 - 1 - (-3 - -47) - (27 - (95 + -73)).
-49
-11 + 0 + (-16 - -64) + -43 + -7
-13
Evaluate 63 + -68 + (9 - -2) + -1 - (-4 - -126).
-117
What is the value of 18 + -2 + -23 - (-52 + (-10 - 1))?
56
Calculate 543 + -488 + 3 + 9 + -4.
63
Evaluate -208 + -43 - -128 - -58.
-65
Calculate (-70 - (-1 + -3 + 10)) + -8 + 11 + 6.
-67
Evaluate -5 + ((-23 - -9) + 24 - 76 - 20).
-91
Evaluate 15 + -9 + -15 + 3 + 6.
0
Evaluate -29 - ((2 - (-13 - -5)) + -22 + -1).
-16
What is 7 + -87 + 12 + -45 + 17 + -2?
-98
What is 158 - 30 - 148 - -24?
4
Calculate -12 + 46 + -31 + -27.
-24
(-138 - (-1 - 7)) + (6 - 12 - (-14 + -3))
-119
Calculate 10 + (-4 - -8) + -32 + 28.
10
33 - (12 - -21) - 59 - (-8 - -3)
-54
What is the value of 40 + 52 + -91 + 0 + 33?
34
What is the value of (0 - -156) + -315 + (104 - -172)?
117
(19 + -19 - -15 - -2) + -85
-68
Calculate -77 - (56 + (30 - 153)).
-10
What is 38 + 19 + (-2 - 1)?
54
What is 5 + -35 + 2 - (1921 - 1887)?
-62
(12 - 12 - (-4 + 1)) + -203 + 137 + -41
-104
What is (-3 - 0) + (-28 - (-1 - 22)) - -7?
-1
Evaluate (40 - (52 + -4 - (0 + 24))) + -26.
-10
What is the value of 62 + 7 + -2 - ((-1 + -6 - -6) + 3)?
65
Evaluate 360 + -366 + (-3 - -3) + 2 + -2.
-6
Calculate (-77 - (-16 + (27 - 15))) + 4 + (2 - 0).
-67
212 + -321 - (8 + -51)
-66
(911 - 865) + -86 + -2
-42
What is the value of (136 + -122 - (-2 - -51)) + -48?
-83
Calculate -1 - (10 + -23) - ((-9 - (3 - 14)) + -8).
18
What is the value of -60 + (56 - 16 - 23 - (0 + 9) - 7)?
-59
What is the value of (39 - 0) + -4 + -15?
20
-16 - (-72 - (-78 + 30))
8
What is (25 - 23 - -103) + -80?
25
What is the value of (0 - -27) + -55 + -27?
-55
-9177 + 9264 - (-1 - -71)
17
What is the value of 92 + (-18 + -11 - 36)?
27
10 + (4 - (4 + -4) - (20 - (16 - -2)))
12
843 - 811 - (-2 - (-75 - -3))
-38
Evaluate -78 + (-17 - (17 + -3 + -23 + 12)).
-98
Evaluate 59 + -15 + (12 - (-5 + 17)) + 2 + -3.
43
What is 12 + -1 - (-31 + 37) - (-5 + -86)?
96
What is 83 + 24 - (-2 + -1) - (-63 - -41)?
132
-18 + (-9 - -25) - (3 - (11 - -2))
8
Evaluate -23 + 13 - 53 - -42.
-21
51 + 10 + -22 + -17 - (-4 - -94)
-68
-30 - -42 - (-4 + 6 - -57)
-47
Calculate -1 + -19 - (-2394 - -2357).
17
Evaluate -75 + (32 - -1) + 154 + -1 + 4.
115
What is 65 - (15 - -26) - -40?
64
Evaluate 16 - (-7 + (-16 - -46)) - (-6 + -1).
0
Evaluate 3 - -55 - 42 - (0 - 19).
35
Calculate 9 - -12 - 69 - -67.
19
What is -4 + (-37 - 4) + (-5 + (-17 - -23) - 3)?
-47
Evaluate 264 + -168 + 106 - 80.
122
-30 + (-90 - -86) + -2 + 119
83
3 + (6 - 3 - 28) + (-97 - -93)
-26
What is the value of -41 - (5 - -1 - (30 - (12 + (-9 - -18))))?
-38
Evaluate -6 + (53 - -2) + (-24 - -23) + (-6 - 0).
42
Calculate -59 - -100 - (-7 - (1 + -18 + 7)).
38
What is -77 + 50 + -6 - -3?
-30
Calculate -81 - (-43 - -48 - (1 + -9 + 3 + 1)).
-90
(14 - -5) + -243 + 215
-9
Evaluate 1 + -17 - (32 - (9 - -6)).
-33
What is the value of (36 - 21 - 3) + (-1 - 1 - -2)?
12
What is the value of 38 - (57 + 21) - 52 - (9 + 1)?
-102
Evaluate 67 - 51 - (10 + 7 + -3).
2
Calculate (14 - (8 - (-2 - -1))) + 31 + (4 - 0).
40
What is -57 - (28 + -15 + -47)?
-23
Evaluate (-74 + 92 - (-96 - (-2 - -2))) + -9.
105
What is 6 - (-6 + 1 + -52)?
63
Calculate (-2 - (-4 - 53)) + (20 - 21) + (-11 - -6).
49
Evaluate 2059 + -2059 + -4 + 0 + 2.
-2
Evaluate -66 + (-4 - -54) + -26 - 19.
-61
Evaluate -73 - (10 + 11 + -25 + -15 + 11) - -5.
-60
Calculate 14 - 6 - ((51 - 35) + -34).
26
Evaluate (-3 - -15) + (-62 - (-9 + 2 - 1)).
-42
Calculate 58 + -118 + 51 + -7.
-16
What is the value of 8 + 39 + 0 + 0 - (52 + -20 + -21)?
36
What is 38 + 1 - ((53 - 58) + 2)?
42
((6 - 3) + -17 - (-52 - -59 - 13)) + 30
22
-239 + -87 + 81 + 130
-115
What is -75 + (178 - (-48 - -91))?
60
Evaluate -4 - (14 - ((-7 + -6 - -33) + 0) - 66).
68
Evaluate -89 + (0 - -21 - -20).
-48
-63 - (8 + -20) - (50 - 72)
-29
What is -12 + (7 - 11) + -2 + 3 + 6 + 97?
88
What is the value of (-11 - -3) + -1 + -67 + 113 + -8?
29
Evaluate 10 + -1 + -10 + 16 + 6.
21
Evaluate -43 - (942 - 949 - (-1 - -1 - (10 + -4))).
-42
Evaluate -63 + (3 - 0 - (-64 - (-19 - 33))).
-48
Evaluate -3 + (3 - -59) + 38 + -9 + (-28 - 3).
57
What is -2 + -1 + 4 - (-1614 - -1707)?
-92
Calculate 8 + -10 + -1 + 0 + -7 + 41.
31
What is the value of 60 + 66 - (3 - -14) - (16 - 3)?
96
Evaluate 7445 + -7446 + (0 - (0 + 58)).
-59
19 - (15 + -18 - -16) - (35 - 1)
-28
What is (0 + -101 - (35 - 29)) + (255 - 235)?
-87
What is (9 + (-9 - 5) - 7) + 5 - (12 - -55)?
-74
Evaluate (20 - 19) + 7 + 1 + (31 - -2).
42
What is the value of (90 - (148 - 87)) + 96?
125
What is the value of -17 - 0 - (24 - -2)?
-43
2 + 18 + ((-29 - -38) + 29 - 106)
-48
Evaluate (-13 - -9 - -5) + -8 + 9 + 0 + 8.
10
What is the value of -110 + (4 - -28 - (251 - 265))?
-64
What is (-87 + 102 - (4 + 1)) + (-2 - 8)?
0
Evaluate -57 + -12 + 38 + (-29 - 28).
-88
Evaluate -15 - (-2 + 0) - (55 + -10 - 8).
-50
Evaluate -3 + -4 + (-51 - -74) + -10 - (2 - -18).
-14
(-32 + (-32 - -75) - -22) + 32
65
Calculate 139 + -63 + (102 - 56).
122
What is -6 + (-32 - (-29 - 8)) - 34?
-35
Calculate (157 - 170) + (17 - -2) + -16.
-10
What is (-33 - ((10 - -6) + -29)) + -53?
-73
Calculate 105 - (12 - (34 + 6) - -49).
84
What is the value of (-20 - (98 + 14)) + (2 - -17)?
-113
Wha